 is divided by 32.
30
What is the remainder when 18083 is divided by 76?
71
What is the remainder when 4935 is divided by 4709?
226
Calculate the remainder when 2674 is divided by 293.
37
What is the remainder when 50435 is divided by 161?
42
Calculate the remainder when 1281 is divided by 445.
391
What is the remainder when 35408 is divided by 241?
222
Calculate the remainder when 3926 is divided by 35.
6
Calculate the remainder when 66372 is divided by 33174.
24
Calculate the remainder when 909297 is divided by 210.
207
What is the remainder when 8318 is divided by 182?
128
What is the remainder when 5267 is divided by 64?
19
What is the remainder when 128978 is divided by 20?
18
Calculate the remainder when 21465 is divided by 5233.
533
What is the remainder when 61823 is divided by 61816?
7
Calculate the remainder when 149399 is divided by 200.
199
Calculate the remainder when 8005 is divided by 64.
5
Calculate the remainder when 17940 is divided by 93.
84
What is the remainder when 26656 is divided by 48?
16
What is the remainder when 28703 is divided by 368?
367
What is the remainder when 3905881 is divided by 241?
235
What is the remainder when 2937979 is divided by 896?
891
Calculate the remainder when 21851 is divided by 11.
5
Calculate the remainder when 31866 is divided by 613.
603
What is the remainder when 3013226 is divided by 447?
446
What is the remainder when 1639223 is divided by 145?
143
What is the remainder when 4009 is divided by 799?
14
Calculate the remainder when 7464 is divided by 441.
408
Calculate the remainder when 202699 is divided by 174.
163
Calculate the remainder when 3013 is divided by 2804.
209
What is the remainder when 16638 is divided by 106?
102
What is the remainder when 303 is divided by 173?
130
What is the remainder when 8827 is divided by 200?
27
What is the remainder when 221322 is divided by 707?
31
Calculate the remainder when 7825 is divided by 488.
17
Calculate the remainder when 265720 is divided by 389.
33
Calculate the remainder when 317667 is divided by 999.
984
Calculate the remainder when 133874 is divided by 33454.
58
What is the remainder when 916696 is divided by 515?
511
What is the remainder when 11813 is divided by 319?
10
Calculate the remainder when 79148 is divided by 24.
20
Calculate the remainder when 1094481 is divided by 364821.
18
Calculate the remainder when 5301 is divided by 221.
218
What is the remainder when 2054 is divided by 1697?
357
Calculate the remainder when 2168 is divided by 47.
6
What is the remainder when 149 is divided by 49?
2
What is the remainder when 1063410 is divided by 1141?
1139
What is the remainder when 2768 is divided by 2618?
150
What is the remainder when 138235 is divided by 7676?
67
What is the remainder when 204219 is divided by 422?
393
What is the remainder when 10386 is divided by 117?
90
Calculate the remainder when 1552789 is divided by 67.
64
Calculate the remainder when 123110 is divided by 13678.
8
Calculate the remainder when 34988 is divided by 393.
11
What is the remainder when 46488 is divided by 82?
76
What is the remainder when 1552 is divided by 1547?
5
What is the remainder when 6983 is divided by 24?
23
What is the remainder when 5105 is divided by 445?
210
Calculate the remainder when 100392 is divided by 86.
30
Calculate the remainder when 19877 is divided by 327.
257
Calculate the remainder when 13209 is divided by 93.
3
Calculate the remainder when 52862 is divided by 32.
30
What is the remainder when 314063 is divided by 12?
11
Calculate the remainder when 12806 is divided by 413.
3
What is the remainder when 951849 is divided by 132?
129
What is the remainder when 7586 is divided by 24?
2
What is the remainder when 13567 is divided by 715?
697
Calculate the remainder when 616367 is divided by 68483.
20
What is the remainder when 148217 is divided by 14?
13
Calculate the remainder when 30259 is divided by 199.
11
What is the remainder when 40565 is divided by 6760?
5
Calculate the remainder when 10047 is divided by 67.
64
What is the remainder when 4456381 is divided by 23?
16
Calculate the remainder when 2158 is divided by 433.
426
Calculate the remainder when 27978 is divided by 57.
48
Calculate the remainder when 24497349 is divided by 792.
789
Calculate the remainder when 1088406 is divided by 53.
51
Calculate the remainder when 8430389 is divided by 236.
233
Calculate the remainder when 607 is divided by 264.
79
What is the remainder when 7972 is divided by 814?
646
Calculate the remainder when 4189 is divided by 1697.
795
Calculate the remainder when 810262 is divided by 116.
2
Calculate the remainder when 409840 is divided by 93.
82
Calculate the remainder when 1007459 is divided by 87.
86
Calculate the remainder when 71838 is divided by 40.
38
Calculate the remainder when 68002 is divided by 83.
25
Calculate the remainder when 1681061 is divided by 105065.
21
Calculate the remainder when 43049 is divided by 525.
524
Calculate the remainder when 39310 is divided by 189.
187
What is the remainder when 4621 is divided by 219?
22
Calculate the remainder when 5625 is divided by 44.
37
What is the remainder when 111684 is divided by 123?
0
What is the remainder when 8217 is divided by 55?
22
What is the remainder when 2874 is divided by 878?
240
What is the remainder when 8575 is divided by 159?
148
What is the remainder when 19271 is divided by 299?
135
What is the remainder when 2466 is divided by 99?
90
Calculate the remainder when 4025 is divided by 12.
5
What is the remainder when 2472 is divided by 312?
288
What is the remainder when 241 is divided by 83?
75
What is the remainder when 9578 is divided by 9526?
52
What is the remainder when 1408 is divided by 233?
10
What is the remainder when 2142 is divided by 107?
2
What is the remainder when 38643 is divided by 4829?
11
Calculate the remainder when 2988242 is divided by 1148.
1146
Calculate the remainder when 467901 is divided by 12.
9
Calculate the remainder when 1770 is divided by 85.
70
What is the remainder when 6194 is divided by 162?
38
What is the remainder when 68 is divided by 65?
3
What is the remainder when 56417 is divided by 600?
17
What is the remainder when 14988 is divided by 3739?
32
Calculate the remainder when 180829 is divided by 214.
213
Calculate the remainder when 158040 is divided by 13.
12
What is the remainder when 1634609 is divided by 529?
528
What is the remainder when 36342 is divided by 36335?
7
What is the remainder when 879166 is divided by 19?
17
What is the remainder when 3968 is divided by 1974?
20
Calculate the remainder when 46493 is divided by 23238.
17
Calculate the remainder when 786585 is divided by 649.
646
Calculate the remainder when 75347 is divided by 12556.
11
What is the remainder when 1565013 is divided by 12?
9
Calculate the remainder when 59073 is divided by 622.
605
What is the remainder when 106002 is divided by 227?
220
What is the remainder when 5387 is divided by 644?
235
What is the remainder when 878489 is divided by 231?
227
What is the remainder when 72287 is divided by 367?
355
Calculate the remainder when 4693 is divided by 178.
65
What is the remainder when 9449 is divided by 2209?
613
What is the remainder when 11466 is divided by 244?
242
What is the remainder when 22428 is divided by 387?
369
What is the remainder when 2040 is divided by 74?
42
What is the remainder when 55967 is divided by 44?
43
What is the remainder when 40298 is divided by 155?
153
What is the remainder when 32109 is divided by 15?
9
What is the remainder when 7711 is divided by 7683?
28
Calculate the remainder when 72970 is divided by 18.
16
What is the remainder when 164276 is divided by 37?
33
What is the remainder when 112 is divided by 61?
51
Calculate the remainder when 6918 is divided by 38.
2
Calculate the remainder when 750949 is divided by 25.
24
What is the remainder when 9268 is divided by 341?
61
What is the remainder when 205719 is divided by 1390?
1389
Calculate the remainder when 393 is divided by 129.
6
Calculate the remainder when 12255447 is divided by 15.
12
What is the remainder when 20064 is divided by 608?
0
What is the remainder when 63166 is divided by 540?
526
Calculate the remainder when 2653 